
What is -22000101221 (base 3) in base 16?
-2683f
22200416 (base 8) to base 5
2211100043
-33b12 (base 13) to base 3
-11210010222
Convert -8ab84b (base 16) to base 3.
-122002212201011
What is -7141789 (base 10) in base 2?
-11011001111100110011101
What is 2031034 (base 5) in base 15?
9cce
What is -1004836 (base 9) in base 13?
-1596ba
-10011122021011 (base 3) to base 5
-412420031
101111001110110001011111 (base 2) to base 5
11132200104
c839 (base 16) to base 3
2121022102
Convert 246ab3 (base 14) to base 8.
4605225
-3308c (base 16) to base 4
-303002030
What is 112010111102212 (base 3) in base 6?
424535552
What is 1a157c (base 14) in base 13?
26552a
What is -2333510 (base 6) in base 3?
-20011110220
What is 7ee3 (base 15) in base 16?
696c
What is 480826 (base 9) in base 10?
289356
Convert -1120200233 (base 4) to base 10.
-362543
What is 2689363 (base 12) in base 2?
11101001010111010111011
Convert 233147 (base 8) to base 15.
18828
What is 10022221212001 (base 3) in base 15?
24e974
What is 1021102100 (base 4) in base 14?
7b572
What is 31522053 (base 7) in base 14?
4d9c63
Convert 1012112302 (base 4) to base 7.
2310112
What is -7162 (base 9) in base 15?
-1845
What is -52b39f (base 16) in base 5?
-2341414220
What is -26431305 (base 7) in base 14?
-472b3c
Convert 15012234 (base 7) to base 5.
330234443
What is -14401034 (base 5) in base 16?
-256b5
Convert 1c5149 (base 13) to base 15.
e4d45
Convert -236357 (base 9) to base 10.
-142450
What is 2115a8 (base 13) in base 6?
24332503
What is 1110010000110000001 (base 2) in base 5?
104423304
What is 141a814 (base 11) in base 8?
11246633
What is -10ef028 (base 16) in base 11?
-a028550
What is -6eda1b (base 15) in base 3?
-100222211112022
Convert 378170 (base 9) to base 7.
1642533
What is -4052460 (base 7) in base 15?
-98400
What is -10552013 (base 6) in base 4?
-1033201221
-10001111101011111001110 (base 2) to base 13
-c8b0a1
10a069 (base 12) to base 7
2156034
What is 92093 (base 12) in base 15?
3b546
11010011111000110 (base 2) to base 15
22226
1d6a6c (base 14) to base 10
1055752
What is 52593 (base 10) in base 14?
15249
1653574 (base 8) to base 4
1311131330
-5222649 (base 10) to base 2
-10011111011000011111001
Convert 229706 (base 13) to base 10.
820670
-3220513 (base 6) to base 5
-20031201
Convert 2a4850 (base 12) to base 2.
10101110000110111100
What is 210643 (base 7) in base 14?
d35a
Convert -24120405 (base 6) to base 5.
-143211023
-906952 (base 12) to base 3
-11020101002022
What is 776604 (base 9) in base 14?
c1206
Convert 3643a (base 15) to base 3.
22210102101
-12202222002 (base 3) to base 16
-1bc23
-24000241 (base 8) to base 12
-190a201
What is -14725 (base 9) in base 12?
-59ab
What is 100000100100100110101 (base 2) in base 12?
4357b1
-34c56 (base 13) to base 11
-66611
Convert 4232448 (base 9) to base 5.
1034442441
What is 552513 (base 7) in base 14?
274b3
4304200 (base 5) to base 8
215351
Convert 71144 (base 11) to base 5.
11311422
What is 4344231 (base 5) in base 8?
222275
-67806 (base 13) to base 14
-4c79d
What is -11606242 (base 8) in base 15?
-3583e3
What is 2a4ca (base 15) in base 13?
49c36
Convert -44ac9 (base 13) to base 3.
-20100022110
91113 (base 10) to base 6
1541453
What is 1002000220110000 (base 3) in base 7?
245102166
Convert 673273 (base 10) to base 15.
d474d
-111221201210100 (base 3) to base 12
-2597283
Convert -2454115 (base 6) to base 15.
-290c2
What is 188b5 (base 15) in base 9?
131158
16b900 (base 15) to base 13
2c7945
131776 (base 8) to base 11
3168a
Convert -442 (base 8) to base 10.
-290
What is -1440 (base 11) in base 8?
-3503
-21160808 (base 9) to base 6
-1002313442
-1b2142 (base 14) to base 7
-11132512
What is -10565150 (base 7) in base 15?
-133aa8
What is -40154730 (base 8) in base 11?
-4848426
-298716 (base 10) to base 7
-2352615
What is -1b72158 (base 13) in base 10?
-9115595
What is -30a73 (base 11) in base 14?
-12697
What is -146a20 (base 14) in base 10?
-709940
Convert -62c6e (base 16) to base 11.
-256a7a
Convert -10111111011100101110101 (base 2) to base 15.
-83dbb7
Convert 66204 (base 11) to base 2.
10111011101001110
Convert -8a015 (base 14) to base 5.
-41203122
-892065 (base 10) to base 15
-1294b0
14204213 (base 5) to base 13
52150
3253261 (base 9) to base 7
20566063
Convert 1421122 (base 6) to base 3.
11002120212
Convert -53066334 (base 7) to base 14.
-84b454
-1313413 (base 6) to base 16
-11991
What is 7112646 (base 8) in base 12?
76411a
Convert 404501145 (base 6) to base 13.
1591a30
What is -31423002 (base 5) in base 7?
-2150023
Convert -2101232 (base 5) to base 4.
-20130013
What is 2211110021111 (base 3) in base 15?
1ead3d
What is -777175 (base 14) in base 6?
-222512431
What is 1120212200 (base 4) in base 7?
3041024
Convert -2091b3 (base 13) to base 4.
-2322030302
What is -8db61 (base 14) in base 7?
-2635351
132133324 (base 5) to base 11
412179
What is -135743 (base 11) in base 15?
-42e83
-efb7 (base 16) to base 6
-1152035
Convert 215c8 (base 14) to base 5.
10040412
-10350145 (base 7) to base 11
-555781
-1520072 (base 8) to base 4
-1222000322
Convert 110000101010010110 (base 2) to base 8.
605226
Convert -101302333 (base 4) to base 11.
-4a849
Convert -11111000011111101000 (base 2) to base 15.
-1518a7
1101100010010001101 (base 2) to base 12
194811
Convert -584680 (base 12) to base 16.
-15a2c0
Convert -10111101110010101000 (base 2) to base 13.
-212aba
What is -423226 (base 7) in base 4?
-101313121
What is -3133022322 (base 4) in base 2?
-11011111001010111010
What is 5140110 (base 6) in base 8?
741012
-c846 (base 14) to base 11
-23a67
187798 (base 10) to base 2
101101110110010110
Convert 10677706 (base 8) to base 2.
1000110111111111000110
-1630020 (base 7) to base 12
-aa750
-213177 (base 10) to base 11
-136188
What is -100100111111100000001011 (base 2) in base 15?
-cb8411
Convert 1100101000100110 (base 2) to base 15.
10500
What is -4532107 (base 9) in base 10?
-2442238
Convert a446b (base 12) to base 5.
23334211
Convert 101032312103 (base 4) to base 11.
2605987
4a3791 (base 13) to base 15
252034
100000000100011100 (base 2) to base 16
2011c
Convert -150961 (base 10) to base 16.
-24db1
What is 236378 (base 11) in base 7?
3116501
Convert 1000110001100110110 (base 2) to base 4.
1012030312
-6a56ed (base 15) to base 8
-23303564
Convert -31312d (base 14) to base 13.
-46197a
-6021121 (base 7) to base 9
-1303404
Convert -1242514 (base 14) to base 9.
-17438700
What is -25014c (base 16) in base 4?
-21100011030
Convert a155b (base 12) to base 13.
746b7
What is -43917 (base 15) in base 14?
-5833a
What is -153162346 (base 7) in base 8?
-47125627
Convert -2112212202110 (base 3) to base 11.
-846672
Convert 111010001111001111 (base 2) to base 10.
238543
6448454 (base 9) to base 6
202033551
Convert 22012120021221 (base 3) to base 8.
20505604
Convert -113311130210 (base 4) to base 14.
-b890a0
Convert 59a4c (base 16) to base 15.
73bda
-5ba82 (base 12) to base 15
-26c1b
42031 (base 10) to base 15
c6c1
Convert 2556178 (base 9) to base 4.
11110230002
Convert 1c450 (base 14) to base 11.
4a275
What is 1323403414 (base 5) in base 3?
20021202010210
What is 11240103 (base 5) in base 10?
102528
Convert -3e1eed (base 15) to base 3.
-12122002110221
Convert 273b68 (base 13) to base 16.
e8309
5421741 (base 11) to base 7
144014334
Convert 99381 (base 10) to base 15.
1e6a6
Convert 1413484 (base 10) to base 7.
15004642
210153 (base 6) to base 10
16917
-570141 (base 8) to base 13
-69891
296d5 (base 15) to base 7
1063160
16760427 (base 9) to base 5
4124042143
39605 (base 13) to base 10
106475
What is -6b1d8 (base 14) in base 10?
-261066
Convert -4770623 (base 9) to base 14.
-4b4377
What is -20355420 (base 7) in base 2?
-110100001110101001101
Convert 1322010300 (base 4) to base 15.
9d246
Convert -2b8d43 (base 16) to base 3.
-12101000020112
-106cb8 (base 14) to base 9
-1037708
Convert -1d132e (base 16) to base 4.
-13101030232
-11010000001001010000 (base 2) to base 7
-10150412
What is -2363338 (base 12) in base 2?
-11010001000000000011100
What is 7370 (base 13) in base 5?
1002402
What is 5754105 (base 9) in base 15?
415605
Convert 15824 (base 15) to base 10.
69334
Convert -a8b490 (base 14) to base 2.
-10101110011101010110110
1101222012 (base 3) to base 6
332052
-223555242 (base 6) to base 9
-7646748
4240243040 (b